-33 + 9)*(-2)/(-4). What is the tens digit of (v/b)/((-2)/(-22))?
4
Let v(c) = -3*c**3 + 54*c**2 - 12*c - 76. What is the units digit of v(17)?
7
Let y = 59139 + -12361. What is the thousands digit of y?
6
Let m(s) = -s**3 - s**2 - 1. Let t(x) = -5*x**3 - 12*x**2 - 18*x - 10. Let b(h) = -6*m(h) + t(h). Let p be b(8). What is the units digit of (65/p)/((-2)/56)?
1
Let k = -747 - -761. Suppose 5*g = 0, 15*h - k*h - 4*g - 668 = 0. What is the hundreds digit of h?
6
Suppose 4*v = 4*y + 8 + 12, 3*y + 9 = 0. Suppose 3*q - 3*p = -3, q + 4*q + 2*p - v = 0. Suppose -2*a + 137 + 1 = q. What is the units digit of a?
9
Suppose 9*q - 677020 - 29428 = -7*q. What is the ten thousands digit of q?
4
Suppose 3*f = -3, 3*q - f = -4*f + 48783. What is the tens digit of q?
6
What is the thousands digit of 84*(2610/60 - 4/(-2))?
3
Let a(r) = -r**2 + 17*r - 6. Let f be a(12). Suppose -13*k = -4*k - f. What is the units digit of (-16)/k*(-108)/(-3 - -6)?
6
Suppose 12 = 4*y, 0 = -2*o - 0*o + 3*y + 109. Suppose -o*n + 2085 = -56*n. What is the tens digit of n?
9
Let n(w) = 3*w + 11. Let k be n(-5). Let v be (3 + 1 - 4)/k. Suppose v*y + 5*h = -3*y + 334, 0 = y + 4*h - 123. What is the units digit of y?
3
Let x(j) = j**2 + 1. Let f(i) = -i**2 - 5*i - 10. Suppose 22 = 4*d + 2*z, -d + 1 + 2 = 3*z. Let u(a) = d*x(a) - f(a). What is the units digit of u(-5)?
6
Let w(q) = 60*q**2 + 186*q + 17. What is the hundreds digit of w(-13)?
7
Let w(h) = 209*h - 756. What is the thousands digit of w(59)?
1
Let n(k) = -12*k - 34. Let d be n(-7). Let c = d + -47. Suppose c*t - 76 + 19 = 0. What is the units digit of t?
9
Let g = -504 + 348. What is the tens digit of (-8)/6 - -1 - 65572/g?
2
Let b(c) = 3*c**2 + 3*c - 3. Let i be b(-3). Let v(h) = h**2 + 5*h - 4. What is the units digit of v(i)?
6
Let z be 13 + 6 - (-10)/(0 + -2). Suppose -4*s = z*s - 396. What is the tens digit of s?
2
What is the tens digit of 1*5 - (-19)/((-494)/(-190450))?
3
Let p = 10 + -5. Suppose 4*y = -p*s + 849, -6 = -5*y - 26. What is the units digit of s?
3
Let f(h) = -23*h - 37*h + 22*h - 14. What is the units digit of f(-6)?
4
Let c = -93 + 215. Let x = -6645 - -6654. Suppose 10*p - c = x*p. What is the units digit of p?
2
Let k be 1431 - 13/(13/3). What is the hundreds digit of -3495*((-2)/(-17) - 644/k)?
1
Suppose 15425 - 47653 = 14*h. Let y = 3276 + h. What is the units digit of y?
4
Let o(i) = -15*i - 21. Let h be o(-6). Suppose 0 = 5*c - h + 4. Suppose 7*p = c*p - 492. What is the units digit of p?
2
Suppose 0 = -2841*q + 2783*q + 633012. What is the thousands digit of q?
0
Suppose 0 = -90*g - 797243 + 5399393. What is the thousands digit of g?
1
Suppose -53*y - 2*l = -51*y - 63116, 0 = 3*l + 9. What is the hundreds digit of y?
5
Suppose -n - 5*w + 1360 = 0, 2*n - 6*w + w - 2705 = 0. Suppose 0 = 5*u - 3*o - 1856, -5*u + 507 = -o - n. What is the tens digit of u?
7
Let l(b) = -60*b**3 - 12*b**2 - 39*b - 138. What is the units digit of l(-5)?
7
Let m be (-10)/(-45) + 5/((-90)/4). Suppose 172*s - 165*s - 4018 = m. What is the units digit of s?
4
Let o be 27/(-63) - (-295)/35. What is the hundreds digit of 1/(o/1142)*24/6?
5
Suppose 139942 = -5*r - 2*l + 368829, 2*r + 3*l - 91557 = 0. What is the thousands digit of r?
5
Let w = -3689 + 8866. What is the thousands digit of w?
5
Let c be 120988/308 - (-4)/22. Suppose -s + c = 48. What is the tens digit of s?
4
Suppose 22138 = 2*j - 25146. What is the thousands digit of j?
3
Suppose 534177 = 24*c - 391023. What is the tens digit of c?
5
Suppose 44*k = 86*k - 98490. What is the units digit of k?
5
Let u(y) = 8497*y**2 - 418*y + 835. What is the thousands digit of u(2)?
3
Let n be (-8)/3*(-12)/8. Let g(s) = -s**3 - 13*s**2 - 12*s + 3. Let t be g(-12). Suppose t*y = n*m - 61, -3*m + 0*y + 47 = -y. What is the units digit of m?
6
Suppose 27*r - 14 = 20*r. What is the hundreds digit of (-2 + 227 + r)*(16 + -15)?
2
Suppose 6780 = 4*q - 14*q. Let o be (-32)/(-24)*q/4. Let b = 407 + o. What is the tens digit of b?
8
What is the units digit of (6*24/(-16))/((-9)/4980)?
0
Suppose -134*r = -65*r - 75*r + 496542. What is the units digit of r?
7
Let a be 10/(5 - 3)*(1 - -12). What is the tens digit of 1 + (-10 - 0)*(-1248)/a?
9
Let g = 390 + 649. Suppose -4*h + g - 343 = 0. What is the tens digit of h?
7
Suppose 128*x = 131*x - 5*k - 7720, -5*x - k = -12820. What is the thousands digit of x?
2
Let z(y) = 59*y**3 + 14*y**2 - y - 9. Let p(i) = 29*i**3 + 7*i**2 - 4. Let d(o) = -9*p(o) + 4*z(o). What is the tens digit of d(-2)?
8
Suppose -9*q + 323 = -73. Suppose -42*v + q*v - 3*c - 45 = 0, v + 3*c = 18. What is the tens digit of v?
2
What is the thousands digit of 1 - (-73078)/2 - 0/(-264)?
6
Let y(f) = -7*f**3 + 1. Let m be y(-4). Suppose 0 = 5*s - 2219 + m. What is the tens digit of s/(-4)*(-4)/6?
5
Suppose -a - 5*z = -7273, -11*z + 7277 = a - 10*z. What is the units digit of a?
8
Let c(t) = 317*t + 3224. What is the hundreds digit of c(53)?
0
Suppose 0 = 21*w + 3*w + 23856. Let o = w - -1431. What is the tens digit of o?
3
Let n(z) = -15*z**3 + 2*z**2 + z - 2. Let b = -520 + 516. What is the units digit of n(b)?
6
What is the hundreds digit of (502/2 + 43)*(-676)/(-6)?
1
Let u be (14 - -3 - -1) + 1. Let l be (-3)/4 + (-14742)/(-168). Let j = l - u. What is the units digit of j?
8
Let c(k) = -3*k + 16. Suppose -4*t + 5 = -2*x - 7, 3*x - 27 = -3*t. Let l be c(x). What is the tens digit of ((-39)/(-12) + -5)*-6*l?
4
Let i(m) = 2*m**2 + 25*m + 72. Let v be i(-9). Let l(p) = 9 + 4 + 25*p - 8*p. What is the tens digit of l(v)?
6
Let g(n) be the third derivative of 19*n**5/20 - n**4/3 - 13*n**3/6 - n**2. Let p = -9949 + 9947. What is the tens digit of g(p)?
3
Suppose 2*k + m + 26 = 32, -5*m - 10 = 0. Suppose 2966 = 5*q + 5*s - 1144, -2*q + 1634 = k*s. What is the tens digit of q?
2
Let a(z) = 1788*z**2 + 50*z - 46. What is the tens digit of a(1)?
9
Let s(p) = 26*p + 921. What is the hundreds digit of s(8)?
1
Let x = -171 - -178. Let o = 95 + 221. Suppose -x*w + 475 = -o. What is the units digit of w?
3
Let c = 3630 - -1633. What is the thousands digit of c?
5
Let t be 2296/12 - 3 - 6/(-9). Suppose 2*h = t + 137. Suppose 2*g - 5*g - h = -u, -5*g = 25. What is the tens digit of u?
4
Let q = -43 - -51. Suppose -j = q - 18. What is the units digit of (3 + 3)*j - -3?
3
Suppose -8*h - 34 = 2*z - 12*h, -4*z - 5*h = 16. What is the tens digit of 782 + 2*(z/6 - 1)?
7
Suppose 5*x + 33 = 4*l, 10 = l - 3*x - 7. Let r be 1/2 + l/(-4). What is the units digit of (r - -1)*(108 + -5)?
3
Let x = 215 + -205. Suppose -x*k + 10357 = 1837. What is the units digit of k?
2
Let a(w) = 596*w - 867. What is the units digit of a(26)?
9
Suppose -61*o - 23 = -145. Suppose o*w + 3*h = 752, w - h - 3*h = 376. What is the units digit of w?
6
Suppose -73702 = -17*q - 26*q - 31691. What is the tens digit of q?
7
Suppose p = -3*m + 73883, -194*p + 198*p - 73889 = -3*m. What is the thousands digit of m?
4
Let w(y) = y**2 - 18*y + 75. Let a be w(37). Let h = a + 395. What is the units digit of h?
3
What is the ten thousands digit of ((-261189)/45)/((-71)/355)?
2
Let p = 49 - 46. Suppose p*t + 5*v + 5 = 22, -46 = -4*t + 5*v. Suppose -x = t*x - 630. What is the tens digit of x?
6
Let i(s) be the second derivative of 29*s**5/2 - s**4/12 + 7*s**3/6 - 3*s**2 + 6*s. What is the hundreds digit of i(1)?
2
Let c be ((-15)/12)/(-5) - 11/(-4). Suppose 3*s = -2*s, c*g - 279 = -3*s. Suppose 0*k = 3*k - g. What is the units digit of k?
1
Let y(p) be the third derivative of -p**5/60 - 3*p**4/8 + 2*p**3/3 + 22*p**2 - 2. Suppose 0*h = -o + 5*h + 22, o = 2*h + 7. What is the tens digit of y(o)?
2
Let s(n) = n. Let r(m) = -9*m + 22. Let q(d) = 2*r(d) + 6*s(d). Let y be q(11). Let t = 213 + y. What is the units digit of t?
5
Suppose -5*t + 9258 = -8182. Suppose -t = -3*a - 962. What is the units digit of a?
2
Let g(w) = 7*w - 10. Let m be g(11). Suppose 3*l + 4*x + 11 = -m, 2*l = 4*x - 72. Let f = l + 103. What is the units digit of f?
3
What is the units digit of (54 - -14644)*1/2?
9
Suppose 18*d + 124*d - 2193750 = 7*d. What is the thousands digit of d?
6
Suppose -9*j + 3*j = -60. Suppose j*d - 19*d + 4779 = 0. What is the hundreds digit of d?
5
Let y(t) = 14*t + 4. Let d be y(2). Let n(z) = -16*z**3 + 3*z**2 + z - 1. Let b be n(-1